{"id":4,"date":"2014-05-30T15:23:55","date_gmt":"2014-05-30T15:23:55","guid":{"rendered":"http:\/\/bier-reparaturservice.de\/?page_id=4"},"modified":"2019-02-17T17:02:43","modified_gmt":"2019-02-17T17:02:43","slug":"home","status":"publish","type":"page","link":"https:\/\/bier-reparaturservice.de\/","title":{"rendered":"Home"},"content":{"rendered":"<h1 align=\"left\">Herzlich Willkommen<\/h1>\n<p align=\"left\">Max Bier Reparaturservice ist Ihr kompetenter Partner bei Instandsetzungen von Fenstern, T\u00fcren, Roll\u00e4den und Sicherheit f\u00fcr Haus- und Wohnungseingangst\u00fcren.<\/p>\n<p align=\"left\">Ihre Anfragen werden mit Engagement und Fairness auch kurzfristig bedient, wir reagieren flexibel auf die individuellen W\u00fcnsche des Kunden und werden diese engagiert erledigen.<\/p>\n<p><a href=\"http:\/\/bier-reparaturservice.de\/wp-content\/uploads\/2019\/02\/automaxbier2019-Original.jpg\"><img loading=\"lazy\" decoding=\"async\" class=\"size-large wp-image-94\" src=\"http:\/\/bier-reparaturservice.de\/wp-content\/uploads\/2019\/02\/automaxbier2019-Original-1024x564.jpg\" alt=\"\" width=\"600\" height=\"330\" srcset=\"https:\/\/bier-reparaturservice.de\/wp-content\/uploads\/2019\/02\/automaxbier2019-Original-1024x564.jpg 1024w, https:\/\/bier-reparaturservice.de\/wp-content\/uploads\/2019\/02\/automaxbier2019-Original-300x165.jpg 300w, https:\/\/bier-reparaturservice.de\/wp-content\/uploads\/2019\/02\/automaxbier2019-Original-768x423.jpg 768w, https:\/\/bier-reparaturservice.de\/wp-content\/uploads\/2019\/02\/automaxbier2019-Original-720x397.jpg 720w\" sizes=\"auto, (max-width: 600px) 100vw, 600px\" \/><\/a><\/p>\n","protected":false},"excerpt":{"rendered":"<p>Herzlich Willkommen Max Bier Reparaturservice ist Ihr kompetenter Partner bei Instandsetzungen von Fenstern, T\u00fcren, Roll\u00e4den und Sicherheit f\u00fcr Haus- und Wohnungseingangst\u00fcren. Ihre Anfragen werden mit Engagement und Fairness auch kurzfristig bedient, wir reagieren flexibel auf die individuellen W\u00fcnsche des Kunden und werden diese engagiert erledigen.<\/p>\n","protected":false},"author":1,"featured_media":6,"parent":0,"menu_order":0,"comment_status":"closed","ping_status":"closed","template":"","meta":{"footnotes":""},"class_list":["post-4","page","type-page","status-publish","has-post-thumbnail","hentry"],"_links":{"self":[{"href":"https:\/\/bier-reparaturservice.de\/index.php?rest_route=\/wp\/v2\/pages\/4","targetHints":{"allow":["GET"]}}],"collection":[{"href":"https:\/\/bier-reparaturservice.de\/index.php?rest_route=\/wp\/v2\/pages"}],"about":[{"href":"https:\/\/bier-reparaturservice.de\/index.php?rest_route=\/wp\/v2\/types\/page"}],"author":[{"embeddable":true,"href":"https:\/\/bier-reparaturservice.de\/index.php?rest_route=\/wp\/v2\/users\/1"}],"replies":[{"embeddable":true,"href":"https:\/\/bier-reparaturservice.de\/index.php?rest_route=%2Fwp%2Fv2%2Fcomments&post=4"}],"version-history":[{"count":13,"href":"https:\/\/bier-reparaturservice.de\/index.php?rest_route=\/wp\/v2\/pages\/4\/revisions"}],"predecessor-version":[{"id":98,"href":"https:\/\/bier-reparaturservice.de\/index.php?rest_route=\/wp\/v2\/pages\/4\/revisions\/98"}],"wp:featuredmedia":[{"embeddable":true,"href":"https:\/\/bier-reparaturservice.de\/index.php?rest_route=\/wp\/v2\/media\/6"}],"wp:attachment":[{"href":"https:\/\/bier-reparaturservice.de\/index.php?rest_route=%2Fwp%2Fv2%2Fmedia&parent=4"}],"curies":[{"name":"wp","href":"https:\/\/api.w.org\/{rel}","templated":true}]}}